omposite?
True
Is 2631018659 prime?
True
Is 2764559723 composite?
False
Is 5320831013 prime?
True
Is 122747461 a composite number?
False
Is 11048637917 a composite number?
False
Is 35018196789 prime?
False
Is 55000657 prime?
False
Is 7748620571 prime?
False
Is 531690101 a composite number?
True
Is 48742717633 composite?
True
Is 170268757 prime?
False
Is 8814767209 composite?
False
Is 314257201 prime?
False
Is 446413777 a prime number?
False
Is 6742243769 a prime number?
False
Is 280253033 composite?
False
Is 14826288797 prime?
True
Is 18451903 a composite number?
False
Is 310198849649 a prime number?
False
Is 2906377433 a composite number?
False
Is 12831665813 a prime number?
True
Is 929965307 composite?
False
Is 3094318049 a prime number?
True
Is 12423127051 composite?
True
Is 270846883 a composite number?
False
Is 7607217487 a composite number?
False
Is 16670528038 prime?
False
Is 14290145953 composite?
False
Is 534739697 prime?
True
Is 6176717693 prime?
True
Is 75342360233 a composite number?
True
Is 143416833317 prime?
False
Is 8556816311 composite?
True
Is 371728039 composite?
True
Is 1624843529 a prime number?
False
Is 42082494963 prime?
False
Is 4667650943 composite?
True
Is 23336894213 a composite number?
False
Is 43994544527 a composite number?
False
Is 408767389 prime?
True
Is 30884908493 a composite number?
False
Is 2630331661 prime?
True
Is 7233090782 composite?
True
Is 5177629103 composite?
True
Is 15943418619 a composite number?
True
Is 57127379 a prime number?
True
Is 691005929 a composite number?
True
Is 585145889 a composite number?
True
Is 1088748413 composite?
False
Is 19266958499 a prime number?
True
Is 10015341073 prime?
True
Is 67578697663 a composite number?
False
Is 276067443169 a composite number?
True
Is 2835209929 a prime number?
False
Is 2792924681 composite?
True
Is 110135230669 a composite number?
True
Is 1637466947 a prime number?
True
Is 383109271 prime?
True
Is 8425555459 a composite number?
False
Is 2416103841 prime?
False
Is 319485977 a composite number?
True
Is 734847187 prime?
True
Is 15985574795 a prime number?
False
Is 549950747 a composite number?
True
Is 2041254511 a prime number?
False
Is 3978443177 prime?
False
Is 510016457 a prime number?
False
Is 9451858723 composite?
False
Is 14251790813 composite?
True
Is 3237139781 composite?
False
Is 5327537507 composite?
True
Is 7099969453 composite?
True
Is 24449656997 a prime number?
True
Is 1633707133 a composite number?
True
Is 402182239 composite?
True
Is 745332173 composite?
True
Is 107185419113 a composite number?
True
Is 27397556519 a composite number?
False
Is 377669921 prime?
True
Is 7442099359 a composite number?
False
Is 915713741 a composite number?
False
Is 86300019601 prime?
False
Is 20373709169 a composite number?
True
Is 206131693 a composite number?
True
Is 434995867 composite?
True
Is 33477161 composite?
False
Is 32639790881 a prime number?
True
Is 58260752409 composite?
True
Is 1427353177 prime?
False
Is 127796789 a prime number?
False
Is 833569091 composite?
True
Is 3008953721 a composite number?
True
Is 5225512469 prime?
False
Is 314703581 composite?
True
Is 6491208161 a composite number?
False
Is 1347807133 a prime number?
False
Is 1350850663 composite?
False
Is 16638843223 composite?
False
Is 27285998081 a prime number?
True
Is 11643524467 a composite number?
False
Is 28389722941 prime?
True
Is 22707880787 composite?
True
Is 168123733571 composite?
False
Is 2716527158 a prime number?
False
Is 2538032671 a prime number?
True
Is 64442150537 composite?
False
Is 11184023231 a prime number?
True
Is 772810139 a composite number?
True
Is 221121146 prime?
False
Is 1647644021 prime?
True
Is 57094034461 a composite number?
True
Is 3922285969 composite?
True
Is 336282437 a composite number?
False
Is 35401477 prime?
False
Is 13274478947 a composite number?
False
Is 121642768211 a composite number?
False
Is 3662950651 prime?
True
Is 1033428013 a composite number?
True
Is 51568556503 a composite number?
False
Is 17343591329 composite?
True
Is 3255550819 prime?
True
Is 17235694909 composite?
True
Is 72647888779 a composite number?
True
Is 1028118557 composite?
True
Is 1475183723 prime?
False
Is 2134644689 prime?
True
Is 631049743 a prime number?
False
Is 4848877 composite?
True
Is 790086997 composite?
True
Is 13149027119 a composite number?
False
Is 28355762857 prime?
False
Is 17389872107 a composite number?
False
Is 33495589 composite?
True
Is 143241052423 a prime number?
False
Is 1865407823 a composite number?
False
Is 713041723 composite?
False
Is 2369968319 composite?
False
Is 1055668153 prime?
True
Is 19257759221 a prime number?
False
Is 1542001621 prime?
True
Is 8366092183 a prime number?
False
Is 11493687059 prime?
False
Is 5022861479 composite?
False
Is 806172229 composite?
True
Is 82318897 a composite number?
False
Is 463880141 composite?
False
Is 97632223945 a prime number?
False
Is 4947127201 composite?
True
Is 436257929 composite?
True
Is 7095663121 a prime number?
False
Is 556698931 a composite number?
False
Is 311768942 prime?
False
Is 17469341963 composite?
False
Is 543284795 composite?
True
Is 42235417747 a composite number?
False
Is 76909234313 prime?
True
Is 138963786713 composite?
False
Is 10340021453 composite?
True
Is 231161509 prime?
True
Is 1167614101 a composite number?
True
Is 1395695471 a composite number?
True
Is 42729490301 a composite number?
False
Is 4659923249 a prime number?
True
Is 83981708051 prime?
False
Is 1346108251 prime?
False
Is 9048360851 a composite number?
False
Is 59775617681 a prime number?
False
Is 2949114271 composite?
True
Is 64203701 a composite number?
True
Is 84252239 a composite number?
False
Is 10004676509 a composite number?
False
Is 13943881811 prime?
False
Is 88983794917 prime?
False
Is 3551642485 prime?
False
Is 2106246377 prime?
True
Is 3921038161 composite?
False
Is 1369026851 prime?
True
Is 247087519 a prime number?
False
Is 131266708423 prime?
False
Is 246322067 prime?
True
Is 2916464381 prime?
True
Is 1066697417 a prime number?
True
Is 65694247 a prime number?
True
Is 1598655551 composite?
False
Is 8713789129 a prime number?
True
Is 1556911487 a composite number?
True
Is 1797583 a composite number?
True
Is 68762621339 composite?
False
Is 1033688671 composite?
False
Is 8733860943 composite?
True
Is 540173014 a composite number?
True
Is 211832059 composite?
False
Is 47750119 prime?
False
Is 1309581401 composite?
False
Is 16758956807 a composite number?
False
Is 1109777257 prime?
True
Is 1032749929 prime?
True
Is 566610899 prime?
True
Is 7736885653 a prime number?
False
Is 1468110499 prime?
False
Is 380814443 composite?
True
Is 248879091 prime?
False
Is 17578551013 composite?
True
Is 4111894067 a composite number?
False
Is 61735412729 prime?
True
Is 113718353171 composite?
False
Is 18681242702 a composite number?
True
Is 4795253609 prime?
False
Is 2387555267 a prime number?
True
Is 6316268719 prime?
True
Is 113672807 a composite number?
False
Is 25131478309 a prime number?
False
Is 1858918729 composite?
False
Is 15293785295 a composite number?
True
Is 2378170603 a prime number?
True
Is 888288214699 composite?
False
Is 1249298293 a prime number?
True
Is 5119620257 composite?
False
Is 69871881839 a composite number?
False
Is 584083003 a prime number?
False
Is 735349151 composite?
False
Is 7674223 prime?
True
Is 32253718433 prime?
True
Is 2328205559 a prime number?
True
Is 7695092161 a composite number?
False
Is 3074811379 prime?
True
Is 76744079207 prime?
True
Is 9322540805 composite?
True
Is 18592008602 a composite number?
True
Is 2210244259 composite?
False
Is 163095606589 a composite number?
True
Is 404897291 a prime number?
True
Is 1586175821 composite?
True
Is 221286971 composite?
False
Is 178342877 a prime number?
True
Is 469299709 a prime number?
False
Is 4376278853 a prime number?
True
Is 3298215803 prime?
True
Is 7314292199 a composite number?
True
Is 7181740439 prime?
False
Is 612125479 prime?
False
Is 1928929 a composite number?
False
Is 29561046311 prime?
False
Is 127145930549 a prime number?
False
Is 515909059 a composite number?
True
Is 8305738453 composite?
True
Is 189996515 a prime number?
False
Is 6838433845 composite?
True
Is 47220341789 a composite number?
True
Is 40980432